
Let s(n) = -283*n**2 + 2791*n + 398. What is s(10)?
8
Let m(y) = -3*y**2 + 1349*y - 8084. What is m(6)?
-98
Let r(l) = -1425*l**2 - 29931*l - 212. Give r(-21).
-86
Let c(z) = -72*z**3 + 3805*z**2 + 569*z + 737. What is c(53)?
-5
Let x(p) = 2398*p - 38533. What is x(16)?
-165
Let f(a) = -2*a**3 - 199*a**2 - 2930*a - 16. Give f(-18).
-88
Let p(c) = 2660*c - 9967. What is p(4)?
673
Let x(w) = 4195*w - 16783. Calculate x(4).
-3
Let w(o) = 33*o**3 - 230*o**2 - 19*o + 50. What is w(7)?
-34
Let w(v) = 12*v**2 + 817*v - 2491. Give w(-71).
-6
Let n(l) = 21*l**3 + 469*l**2 + 141*l - 310. Give n(-22).
-24
Let v(p) = -5048*p - 14903. Give v(-3).
241
Let h(n) = -5*n**3 + 516*n**2 - 1587*n - 1326. Calculate h(100).
-26
Let r(y) = -2*y**3 - 20*y**2 + 186*y + 25. Determine r(-16).
121
Let y(t) = t**3 - 17*t**2 - 49*t + 899. What is y(18)?
341
Let l(w) = -8017*w - 8025015. Give l(-1001).
2
Let l(n) = 10*n**3 - 112*n**2 + 10*n - 49. Determine l(6).
-1861
Let r(z) = -6*z**2 - 346*z - 304. What is r(-60)?
-1144
Let l(h) = -24149*h + 120850. Calculate l(5).
105
Let d(k) = -8304*k + 1312023. Determine d(158).
-9
Let w(t) = -2287483*t - 11437409. What is w(-5)?
6
Let l(q) = -307*q - 3684. Determine l(1).
-3991
Let u(p) = -7*p**3 + 563*p**2 - 246*p + 387. Give u(80).
-93
Let c(i) = i**2 + 247*i + 15681. Give c(-138).
639
Let r(u) = -1039177*u + 5195885. Determine r(5).
0
Let d(w) = -3462*w - 65852. Determine d(-19).
-74
Let d(k) = 879*k + 385888. Give d(-439).
7
Let i(a) = 4*a**3 + 507*a**2 + 466*a + 11081. Determine i(-126).
-7
Let q(s) = 82*s - 12453. What is q(119)?
-2695
Let r(q) = 2*q**3 + 49*q**2 + 55*q + 3. Give r(-10).
2353
Let c(d) = -d**3 - 1126*d**2 - 1708*d - 655878. What is c(-1125)?
-3
Let a(w) = 34375*w - 756247. Calculate a(22).
3
Let l(j) = j**3 + 34*j**2 - 288*j - 176. What is l(-41)?
-135
Let b(v) = 2*v**3 - 682*v**2 - 694*v + 3434. Determine b(342).
14
Let a(v) = 730*v - 143108. Determine a(196).
-28
Let o(f) = -15604*f - 1622824. Give o(-104).
-8
Let f(l) = l**2 + 84*l + 1627. Determine f(-44).
-133
Let l(w) = w**3 + 214*w**2 - 866*w + 1370. What is l(-218)?
62
Let h(x) = 27*x**2 + 458*x + 26. Calculate h(-17).
43
Let a(q) = -34*q - 1985. Give a(-80).
735
Let r(b) = -b**2 + 5113*b - 308182. What is r(61)?
-10
Let s(t) = 2829*t**2 + 16956*t - 92. Calculate s(-6).
16
Let s(j) = -5948*j - 273661. What is s(-46)?
-53
Let y(x) = x**3 - 5*x**2 + 39*x + 81. Give y(-6).
-549
Let r(x) = -34288*x - 342884. Calculate r(-10).
-4
Let v(r) = -189103*r - 1512921. Calculate v(-8).
-97
Let y(b) = 13549*b - 2303345. Determine y(170).
-15
Let q(x) = 19*x**2 - 1438*x - 463. Give q(76).
-7
Let p(v) = -v**3 - 318*v**2 - 11824*v + 66. Determine p(-275).
-209
Let d(o) = 17*o**2 + 2867*o + 1842. What is d(-168)?
-6
Let a(l) = -188*l - 1427. What is a(-11)?
641
Let c(k) = -k**3 + 335*k**2 + 18819*k - 1183. Determine c(384).
-31
Let p(y) = 2*y**2 + 12926*y - 38780. What is p(3)?
16
Let u(a) = 14998*a - 135936. Calculate u(9).
-954
Let y(s) = 11512*s + 34535. Determine y(-3).
-1
Let n(w) = 7*w**2 - 374*w - 2957. Give n(-7).
4
Let s(c) = c**3 - 423*c**2 - 366*c - 24599. Give s(424).
-7
Let y(f) = 2*f**3 - 10*f**2 + 80*f - 583. Give y(9).
785
Let q(x) = -30263*x - 484126. Calculate q(-16).
82
Let m(v) = 3*v**2 + 2605*v - 230979. Give m(81).
-291
Let k(c) = 13654*c - 996749. Determine k(73).
-7
Let u(w) = w**3 + 1096*w**2 + 81275*w - 160. Calculate u(-80).
240
Let d(g) = -g**3 - 145*g**2 - 1185*g + 4881. Give d(3).
-6
Let g(n) = 7658*n + 237627. What is g(-31)?
229
Let c(k) = -13525*k + 175977. What is c(13)?
152
Let o(y) = -1681*y + 20181. What is o(12)?
9
Let x(a) = a**3 - 7002*a**2 + 104799*a + 4. Calculate x(15).
-86
Let w(o) = -o**3 + 2975*o**2 - 6002*o + 166492. Determine w(2973).
4
Let r(h) = -2*h**3 - 1467*h**2 + 96931*h - 122. Calculate r(61).
0
Let o(j) = 3*j**3 + 55*j**2 + 18*j - 10. Give o(-18).
-10
Let i(u) = u**2 + 34622*u - 11816488. Calculate i(338).
-8
Let b(o) = o**2 + 332*o - 11793. What is b(32)?
-145
Let l(s) = -13*s**3 - 39*s**2 + 145*s - 48. What is l(3)?
-315
Let c(o) = -o**3 - 26*o**2 + 116*o - 41. Determine c(3).
46
Let z(w) = 2*w**2 - 100*w + 257. Give z(31).
-921
Let c(k) = -k**3 + 8*k**2 - 706*k + 4865. Give c(7).
-28
Let a(y) = 540*y - 297624. What is a(551)?
-84
Let z(j) = -2*j**2 - 366*j + 362. Give z(-184).
-6
Let h(g) = -g**3 + g**2 + 7212*g - 21610. Give h(3).
8
Let s(r) = 1791*r + 3781. Calculate s(-2).
199
Let r(j) = 60913*j + 60919. Calculate r(-1).
6
Let i(h) = 2*h**3 + 134*h**2 + 26407*h + 1734167. What is i(-66)?
17
Let l(x) = x**2 - 2936*x + 425891. Determine l(153).
92
Let b(r) = -19*r - 6433. Give b(-32).
-5825
Let d(g) = -g**2 + 41350*g + 248133. Give d(-6).
-3
Let k(t) = -t**2 - 144*t + 7402. Calculate k(38).
486
Let a(j) = -92745*j + 3431656. Determine a(37).
91
Let w(i) = 77*i**2 - 16120*i + 99271. Calculate w(203).
4
Let o(x) = -39*x**2 - 1368*x + 114. What is o(-35)?
219
Let o(i) = -20636*i - 144710. Determine o(-7).
-258
Let t(j) = 109*j + 1484. Determine t(0).
1484
Let v(w) = w**3 + 295*w**2 - 1826*w - 6960. Determine v(-301).
-940
Let y(u) = u**2 + 117*u + 1086. Give y(-90).
-1344
Let d(f) = -15*f**2 - 945*f - 302. Determine d(-62).
628
Let o(j) = j**3 + 641*j**2 + 34857*j - 1834. What is o(-581)?
-91
Let i(n) = -5*n**3 + 1670*n**2 + 1674*n + 349. Calculate i(335).
14
Let o(n) = -4*n**3 - 5001*n - 29986. Determine o(-6).
884
Let j(z) = -25*z**2 + 725*z - 3007. Determine j(24).
-7
Let k(i) = 26*i**2 - 6109*i - 485. What is k(235)?
-250
Let r(l) = 38143*l + 1144254. What is r(-30)?
-36
Let k(f) = 36*f**2 + 215*f + 28. Calculate k(-6).
34
Let u(v) = v**2 + 296*v - 3531. Give u(12).
165
Let a(x) = x**3 + x**2 - 50*x - 92. What is a(-10)?
-492
Let i(t) = -62*t**2 - 11876*t + 5381. Determine i(-192).
5
Let i(l) = l**3 + 230*l**2 + 633*l - 61238. Give i(-226).
8
Let u(w) = 58722*w - 352119. Determine u(6).
213
Let a(c) = 5*c**3 - 27*c**2 - 48*c + 268. Calculate a(6).
88
Let n(x) = -50792*x - 1016027. Calculate n(-20).
-187
Let l(z) = 4*z**3 + 57*z**2 - 356*z - 5174. What is l(-14)?
6
Let x(i) = 2*i**3 - 124*i**2 - 539*i + 721. Calculate x(66).
-5
Let p(a) = -14407*a + 1210202. Calculate p(84).
14
Let n(s) = -3*s**3 - 219*s**2 + 3024*s - 3063. What is n(-85)?
-3
Let k(u) = 77336*u + 2397414. Calculate k(-31).
-2
Let z(d) = d**2 + 20*d - 1477. Give z(-63).
1232
Let b(u) = -479*u - 145. Calculate b(-1).
334
Let s(q) = 7*q**2 + 40*q - 13398. What is s(41)?
9
Let w(l) = 6246*l**2 - 12476*l - 11. Determine w(2).
21
Let r(z) = -3*z**3 - 6*z**2 + 3652*z + 14611. Give r(-4).
99
Let q(f) = f**2 - 223*f - 54909. Give q(-148).
-1
Let q(z) = -54*z**3 + 157*z**2 + 3*z + 9. Determine q(3).
-27
Let y(p) = -100036*p + 900325. Give y(9).
1
Let x(s) = 8*s**3 - 834*s**2 + 210*s - 78. Give x(104).
130
Let f(d) = 2*d**2 - 1302*d + 195587. Determine f(235).
67
Let l(o) = 4631*o + 18472. What is l(-4)?
-52
Let k(d) = -15488*d + 3902987. Calculate k(252).
11
Let i(r) = -r**3 - 201*r**2 + 2103*r - 1247. What is i(-211)?
230
Let g(o) = 9*o**3 - 82*o**2 + 179*o - 797. What is g(8)?
-5
Let x(h) = -34*h**3 - 430*h**2 + 1187*h - 30. What is x(-15)?
165
Let n(y) = y**2 - 25*y - 2132. What is n(59)?
-126
Let f(h) = -42*h**2 + 900*h + 4476. Give f(-5).
-1074
Let h(r) = -r**3 + 66*r**2 - 1260*r + 7240. Give h(17).
-19
Let t(g) = 76719*g - 3068751. What is t(40)?
9
Let m(o) = -3*o**3 - 42*o**2 + 694*o - 826. Determine m(-24).
-202
Let z(s) = 1328*s**3 + 22586*s**2 + 171*s + 8. Calculate z(-17).
-9
Let z(x) = x**2 - 116*x - 3004. Give z(-22).
32
Let t(n) = 102*n**2 + 906*n - 1164. Give t(-10).
-24
Let l(i) = -i**3 + 89*i**2 - 575*i + 95. What is l(7)?
88
Let u(v) = -v**2 - 231*v - 19. Calculate u(-231).
-19
Let x(n) = -13035*n + 7951358. What is x(610)?
8
Let a(t) = 2933*t - 79160. Give a(27).
31
Let z(f) = -35*f**2 - 5715*f - 12861. Determine z(-161).
19
Let w(h) = 65*h + 29524. Determine w(-454).
14
Let f(y) = -4*y**3 - 237*y**2 + 172*y - 517. Determine f(-60).
-37
Let h(z) = -5109*z - 112286. Give h(-22).
112
Let y(f) = 489*f - 26949. Determine y(55).
-54
Let s(a) = -a**2 + 354*a + 17192. Determine s(-43).
121
Let n(w) = -w**2 + 563*w + 52892. Give n(-82).
2
Let w(q) = 96*q - 10548. Calculate w(110).
12
Let v(h) = h**2 - 132*h - 2930. Calculate v(151).
-61
Le